n base 14, what is 6d67 - 1d69?
4ddc
In base 14, what is -11 + 2cc6d8?
2cc6c7
In base 7, what is -433046 + -1032?
-434111
In base 10, what is -1505933 - 17?
-1505950
In base 15, what is 17b9d624 + 4?
17b9d628
In base 5, what is -22142110 + 243?
-22141312
In base 15, what is 24 - -55ce1?
55d15
In base 3, what is 12201111120 + 1221220?
12210110110
In base 13, what is -b7b + 2?
-b79
In base 2, what is 0 - -1011100111100111000000?
1011100111100111000000
In base 4, what is 10311111 - 3013003?
1232102
In base 12, what is 807623a + -3?
8076237
In base 14, what is 5 + -76ac64?
-76ac5d
In base 7, what is 446513261 + 5?
446513266
In base 10, what is 281632 + 509?
282141
In base 5, what is 203400411 + -31?
203400330
In base 6, what is -44 - 134520052?
-134520140
In base 9, what is -8587 + -13413?
-23111
In base 13, what is -3cb4 + 171b?
-2596
In base 9, what is -5 - 2777252?
-2777257
In base 6, what is 32455 + -20203?
12252
In base 5, what is 2023133 + -2102?
2021031
In base 4, what is 3 - 113103330323?
-113103330320
In base 2, what is 10101000011001 + -110100011110?
1110011111011
In base 11, what is 450 - 1467?
-1017
In base 9, what is 1130 - 11837?
-10707
In base 14, what is -209 - 16a270?
-16a479
In base 8, what is 261570 - -30203?
311773
In base 10, what is -1882 + 845?
-1037
In base 9, what is 2574 - 151817?
-148233
In base 6, what is 211522045011 + -2?
211522045005
In base 15, what is -44a + -1164?
-15ae
In base 16, what is -8 - -8e7e?
8e76
In base 3, what is 12101011221201022 - 1?
12101011221201021
In base 11, what is 4144487 - 6?
4144481
In base 9, what is -5223 + 4?
-5218
In base 11, what is 2a664 - 1604?
29060
In base 16, what is d93d0 - -ef?
d94bf
In base 11, what is 32 - 1a89a5?
-1a8973
In base 2, what is -1111011101 - 1110010111110011?
-1110100111010000
In base 14, what is -1 - 1d67bc6?
-1d67bc7
In base 4, what is 111101 - -31111033?
31222200
In base 7, what is 145623 + 113411?
262334
In base 4, what is 1 + -12310010023311?
-12310010023310
In base 12, what is 3 - 2562214?
-2562211
In base 2, what is 111 + -1111000101100001100111?
-1111000101100001100000
In base 14, what is 5 + -131d49a?
-131d495
In base 9, what is -725764 - 12?
-725776
In base 13, what is -262 - 73c29?
-7418b
In base 4, what is 2112 - 23011130?
-23003012
In base 14, what is dda57c2d - 4?
dda57c29
In base 16, what is 4008 + 67?
406f
In base 2, what is -100011111 - 101010001101000?
-101010110000111
In base 4, what is 1322130232 + -1022?
1322123210
In base 16, what is 56 - 6ca52b?
-6ca4d5
In base 2, what is 101101011 + 10011000111111?
10011110101010
In base 10, what is -16 + 2431388?
2431372
In base 14, what is -1 - 9a14b?
-9a14c
In base 10, what is 12762 - 1968?
10794
In base 8, what is -1317226076 + -4?
-1317226102
In base 16, what is 714a687 + 3?
714a68a
In base 5, what is 20444431132 - -30?
20444431212
In base 4, what is 122002101323203 + 10?
122002101323213
In base 5, what is -1441211001 + -341?
-1441211342
In base 6, what is -301 - -11022514?
11022213
In base 14, what is -4 - -4979227?
4979223
In base 3, what is 20110102 + 22202110?
120012212
In base 11, what is 3 - -139a52a?
139a532
In base 3, what is -10100220202200112221 - -10?
-10100220202200112211
In base 14, what is 18ac8 - 5?
18ac3
In base 15, what is 2631c5c + 0?
2631c5c
In base 5, what is 200 + 304220211?
304220411
In base 6, what is 5030354 + 1543?
5032341
In base 15, what is ac68 - 7bd?
a49a
In base 8, what is -13613 + -1717?
-15532
In base 12, what is -356 + 5922?
5588
In base 2, what is 111 - 1011000000001011101011001?
-1011000000001011101010010
In base 13, what is 367a - 5c4?
3086
In base 2, what is 101101101111010111 + -101100011?
101101101001110100
In base 3, what is -120002 - -11001011?
10111002
In base 12, what is 18668a + -2?
186688
In base 16, what is -3654 + -7769?
-adbd
In base 4, what is -1301233103 + -32113?
-1301331222
In base 11, what is -46454a47 - 5?
-46454a51
In base 9, what is -750203 - 36?
-750240
In base 8, what is 1 + 546735154?
546735155
In base 15, what is 34410 - -1cc?
345dc
In base 5, what is -22120410 + 13?
-22120342
In base 2, what is -101000110011110101001110101 + 10?
-101000110011110101001110011
In base 10, what is 158698336 - -4?
158698340
In base 16, what is -f6 - c3705?
-c37fb
In base 10, what is -3 - -429688?
429685
In base 2, what is -10010010101011010000000010 + 1?
-10010010101011010000000001
In base 4, what is 300120233220033 - 10?
300120233220023
In base 13, what is 1058bc25 - 0?
1058bc25
In base 10, what is 141104048 + -3?
141104045
In base 3, what is 1012121022211 + 100?
1012121100011
In base 8, what is 2631 + 223621?
226452
In base 12, what is 230846b - 1?
230846a
In base 13, what is 9a5 - -7a0c?
86b4
In base 9, what is 458611082 - -3?
458611085
In base 5, what is 21230214 - 100?
21230114
In base 13, what is -2b0737 - -5?
-2b0732
In base 4, what is 0 - -33010323201?
33010323201
In base 10, what is 43115420 + 5?
43115425
In base 12, what is -483 - -6497?
6014
In base 3, what is -10001012102201102 - -200?
-10001012102200202
In base 4, what is -322000 + -130203?
-1112203
In base 4, what is -201 - -1202002112?
1202001311
In base 6, what is 452401 + -110?
452251
In base 10, what is -1 - 191461218?
-191461219
In base 16, what is -2 - 5dce59?
-5dce5b
In base 15, what is 5b8 - 5a88?
-54c0
In base 3, what is -2022211002100002 + -21?
-2022211002100100
In base 10, what is -3026714 + -28?
-3026742
In base 12, what is -114095 + -1?
-114096
In base 5, what is 3222 + -2124034?
-2120312
In base 4, what is 1122300320 - 1?
1122300313
In base 14, what is -16bc1 - 0?
-16bc1
In base 9, what is -238818 - -4031?
-234777
In base 10, what is -3 + 10429206?
10429203
In base 9, what is 17 + -32012176?
-32012158
In base 13, what is -2a9807 - c?
-2a9816
In base 4, what is 1231 - 1222233010?
-1222231113
In base 5, what is -13044141331331 + 1?
-13044141331330
In base 6, what is -1431323 - -12?
-1431311
In base 15, what is -321de28 + -1?
-321de29
In base 7, what is 1656 - -1661501?
1663460
In base 8, what is 0 - 40537212?
-40537212
In base 2, what is 1010000100111111001101 - 1000?
1010000100111111000101
In base 15, what is 534a6e6 + 0?
534a6e6
In base 15, what is 41 - 2413c6?
-241385
In base 3, what is 1110020011020220 - 1?
1110020011020212
In base 5, what is -143121131330 + 10?
-143121131320
In base 4, what is -1211 + -230203200?
-230211011
In base 3, what is -1 - -1002101002222210?
1002101002222202
In base 5, what is -11 - 10443212331?
-10443212342
In base 8, what is 1055003 - -4?
1055007
In base 5, what is 11230243 + -1422?
11223321
In base 4, what is 31 - 10312230?
-10312133
In base 10, what is -5 - -2279501?
2279496
In base 15, what is 57 + -2bad05?
-2bac9d
In base 3, what is 1220020102011101 - -102?
1220020102011210
In base 14, what is -262d2 + 39a?
-25d36
In base 2, what is 10001001 + -1100110000001110111010?
-1100110000001100110001
In base 5, what is 13220 - 124434?
-111214
In base 16, what is -449b + 1be?
-42dd
In base 16, what is -9917f - -168?
-99017
In base 14, what is -7913346 - -5?
-7913341
In base 6, what is -1544510305 + -25?
-1544510334
In base 2, what is 1000 - -1101000010010100000111010?
1101000010010100001000010
In base 13, what is -2 + -619a3b?
-619a40
In base 10, what is -46532804 + 17?
-46532787
In base 14, what is a910 - 3660?
7290
In base 9, what is 83431766 + 4?
83431771
In base 7, what is -2350561113 - -5?
-2350561105
In base 12, what is -3411732 - -1?
-3411731
In base 6, what is 3141 + -404322?
-401141
In base 10, what is -4 - -10939475?
10939471
In base 10, what is -222 + -56868?
-57090
In base 2, what is 11100011001 + 101110001011011?
110001101110100
In base 4, what is 2230332102 + 1332?
2231000100
In base 4, what is 10 + 1320200200121?
1320200200131
In base 3, what is 2220100022102 + 110?
2220100022212
In base 13, what is -a29042 - -b?
-a29034
In base 12, what is 54462 + 76?
54518
In base 5, what is -1114232 - 3140?
-1122422
In base 13, what is -b35b1 - -41?
-b3570
In base 8, what is -26522 + -1065?
-27607
In base 7, what is 11346326 - 6?
11346320
In base 10, what is -2963316 + -276?
-2963592
In base 14, what is bac1 + 1870?
d551
In base 5, what is -1113331 + 2320?
-1111011
In base 15, what is 1b07d + -5e?
1b01e
In base 2, what is -1000110011110 + 11110001101?
-10100